 - z**3/6 + 2*z**2 - 5*z + 77. Let v(d) be the second derivative of p(d). Calculate v(-1).
3
Suppose -h = k, 2*k + 3*h + 6 = k. Suppose -3*n = k*l + 33, -56*n + l = -52*n + 34. Let g(t) = t**3 + 9*t**2 + 2*t + 3. Determine g(n).
-15
Suppose -17*f + 12*f = -2*b - 35, 0 = -4*f - 3*b + 5. Let s(o) be the third derivative of -1/60*o**f + 0 - 31*o**2 - 1/3*o**4 + 1/3*o**3 + 0*o. Give s(-9).
-7
Let w(u) = -u**3 + 3*u + 3. Let r be -2 - -2 - -3 - -1. Suppose 8 = r*i + 4*l + 28, 7 = i - 3*l. Give w(i).
5
Let i(r) = -4*r - 19. Let n = 16376 - 16384. Calculate i(n).
13
Let o(i) = i**3 - 3*i + 1. Suppose 0 = 4*t + 12, 0 = -5*a - 2*t + t + 432. Suppose 0 = 10*k + a - 57. What is o(k)?
-17
Let f(b) = -b**2 + 6*b + 48. Let t be f(-5). Let n(r) = -10*r + 5. Calculate n(t).
75
Let j(x) = -53*x**2 + 11*x - 3. Let g(l) = 18*l**2 - 4*l + 1. Let z(a) = 8*g(a) + 3*j(a). Suppose -4*h = 3*r + r, -2*h - r + 1 = 0. Calculate z(h).
-15
Let s(i) = -i**2 + 5*i + 3. Let l be s(6). Let w(p) be the third derivative of -p**5/30 - p**4/4 - p**3/3 + 13*p**2 - 2*p + 174. Determine w(l).
-2
Let w(k) = 3*k - 7. Let m be (-5 + 0*2/10)/1. Determine w(m).
-22
Let u(f) = 5*f - 12. Let y be ((-4)/6)/(-5*26/975). Calculate u(y).
13
Let z be (21*-2)/(10/(-5)). Let s = z + -26. Let q be 3 + (-1 - 1) - (-8 - s). Let a(p) = p**2 - 7*p + 3. Give a(q).
-9
Let r(k) = 2*k + 5. Let f = 96 + -82. Let o be 4/14 - (-24)/f. Suppose 5*h = -o*y + 15, 2*y + h - 26 = -3*y. Determine r(y).
15
Let t(j) be the third derivative of -j**7/420 + j**6/120 - j**4/12 - 34*j**3/3 + 75*j**2. Let x(s) be the first derivative of t(s). Calculate x(2).
-6
Let y(w) be the third derivative of w**6/120 + 11*w**5/60 - w**4/24 - 13*w**3/6 - w**2 - 726*w. Let n = -13 - -2. Give y(n).
-2
Let r(t) = 24*t + 33*t + t**2 + 41*t + 50 + 94 - 65*t. Give r(-28).
4
Let u(d) = d**3 - 2*d + 13. Let i(v) = 6*v**3 - 14*v**2 - 12*v + 76. Let k(s) = -i(s) + 4*u(s). Give k(7).
4
Let m(j) = 4*j**3 + 42*j**2 + 4*j + 70. Let c(u) = -u**3 - 14*u**2 - 3*u - 23. Let x(l) = 7*c(l) + 2*m(l). Determine x(15).
9
Let x(r) be the first derivative of r**3/3 + 13*r**2/2 - 31*r - 2794. What is x(-18)?
59
Let o be (0/1)/(1/1). Suppose -3*x + 5 = 4*l + 3, -4*l - 10 = -3*x. Let i(t) = 10 - 6*t**x + 33*t**2 - 15*t**2 - 11*t**2 - t**3. Calculate i(o).
10
Let n(s) = -4*s + 0*s + 3 + 5*s + 3. Let c be (5/5)/(1/(-2)) + 5. Suppose -4*h - c*r = 23 + 5, 5*h + 2*r = -35. Give n(h).
-1
Let g(j) = j - 1. Let l be (2/5)/((-13)/(-65)). Let k be (-1)/(l/1)*(-152)/19. Suppose -k*z + 21 = 1. What is g(z)?
4
Let w(b) = -b**3 - 15*b**2 - 25*b + 3. Let j be (-20)/85 - (-6727)/(-527). Calculate w(j).
-10
Let m(k) = -6*k - 10. Let j(z) = -20*z - 28. Let f(o) = -5*j(o) + 16*m(o). Calculate f(6).
4
Suppose -d = w + 7, 4*d + 31*w - 33*w + 10 = 0. Let q(g) = 15*g + 65. What is q(d)?
5
Let a(s) = s + 7. Let o(j) be the second derivative of -j**3/6 + 152*j. Let p be o(8). What is a(p)?
-1
Let l(f) = -f**3 - 2*f**2 + 8*f - 3. Let j(w) = -2*w**2 + 34*w - 57. Let o be j(15). Calculate l(o).
-24
Let o(a) be the second derivative of -1/12*a**4 + 0 + 8*a**2 - 11/6*a**3 + 169*a. Give o(-12).
4
Let c(i) = i + 11. Let z be c(0). Suppose -2*h - 1 = -2*u - h, 0 = 3*u - 3*h + 3. Let f(d) = 8*d - z + 2*d**3 - 9*d**2 + d**3 + 19*d**2 - u*d**3. What is f(-9)?
-2
Let l be 396/3 + -3 + 7. Suppose -l*o - 8 = -140*o. Let b(i) = i**3 - i**2 - 2. Give b(o).
2
Let f(x) = 2*x**3 + 23*x**2 + 47*x + 21. Let p be f(-9). Let o(b) = -4 + 0 - 5*b - 7 + 0 - p. Determine o(-4).
6
Let k(f) = 19*f**3 - 4*f**2 - 4*f - 3. Let g(x) = 47*x**3 - 9*x**2 - 9*x - 7. Let s(c) = -2*g(c) + 5*k(c). Let j = 6 - 7. Let d = j - 1. Calculate s(d).
-13
Suppose w = y + 2*y - 5, -5 = -y + w. Suppose -2*g - 4*p = 176, -5*g - 3*p + 4*p - 462 = y. Let r be (3 - g/(-24))/((-2)/12). Let o(u) = -2*u + 6. What is o(r)?
-4
Let v = -5793 + 5781. Let z(d) = -5*d - 61. Give z(v).
-1
Let q(u) be the first derivative of -1/2*u**2 + 1/4*u**4 + 14 + 0*u + 1/3*u**3. Let z(g) = -g**2 - 10*g - 24. Let f be z(-6). Give q(f).
0
Let t be -11 - -4*(-4 + 18/4). Let g(y) = y**3 + 7*y**2 - 17*y - 10. Determine g(t).
-19
Suppose -3*w = -7*w + 288. Let j = 75 - w. Suppose -4*u - j*h + 17 = 2*h, -u = 3*h + 1. Let b(v) = -2*v + 12. What is b(u)?
-4
Let a(m) = 4*m + 45. Suppose -113 = 2*q + 3*p - 85, 0 = -4*q + 2*p - 24. Calculate a(q).
13
Suppose 130*o + 141 - 371 + 100 = 0. Let w(q) = -13*q**2 + 2*q - 3*q - 1 + 1. What is w(o)?
-14
Let l(v) = -v**3 + 18*v**2 + 20*v + 10. Let o(j) = j**2 - 36*j + 262. Let i be o(9). Calculate l(i).
29
Let d(p) = -47*p**3 - 19*p**2 - 23*p - 1. Let l(v) = 28*v**3 + 10*v**2 + 12*v. Let f(j) = 3*d(j) + 5*l(j). Let z be (-1)/6 - 26/(-12) - 7. Determine f(z).
-8
Let j(x) = 19*x. Let w(g) = -g**3 - 5*g**2 + 25*g + 7. Suppose 0 = 2*q + 5*c - 3 - 1, 0 = 2*q + 3*c + 4. Let u be w(q). Determine j(u).
-19
Let j(x) = -58*x - 3. Let u(c) = -156*c - 9. Let h(f) = -11*j(f) + 4*u(f). Determine h(1).
11
Let b(x) = 2*x + 9. Suppose 2*p - 2*n = 3*n + 129, -276 = -4*p + 4*n. Let y be 1/(-9) - (-296)/p - 8. Determine b(y).
1
Let f = -123 + 132. Let n(y) = 0*y**3 + 3*y - f*y**3 + 5*y**2 + 4*y**3 + 4*y**3. Determine n(4).
28
Let h(n) = -5 + 4105*n**2 + 2*n - 8*n - 4124*n**2. Calculate h(-1).
-18
Let z(s) = -2*s**2 - 19. Let t be ((-10)/4 - -3)*-10. Let m(u) = -u**2 + u - 9. Let b(y) = t*m(y) + 2*z(y). Determine b(5).
7
Let m(k) = -3 - 6*k + 13*k**3 + 4*k**2 - 21*k**3 + 4*k**3 + 1 + 5*k**3. Give m(2).
10
Let h(y) be the third derivative of y**4/6 + 5*y**3/6 + 2*y**2 - 50*y. Let q = 35 - 5. Let r = q - 36. Calculate h(r).
-19
Let y(h) = -6*h**3 + 10*h**2 - 8*h - 12. Let b(o) = -4*o**3 - o**2 - o - 7. Let u(n) = -b(n) + y(n). Give u(5).
-15
Let u(d) = -2*d + 2. Let v(l) = -10*l + 46. Let z be v(-8). Let n = z - 120. Give u(n).
-10
Let u(h) be the first derivative of -h**3/3 - 13*h**2/2 - 7*h - 2. Let a(d) = d**3 - 16*d**2 + 35*d - 573. Let t be a(16). Give u(t).
-7
Let x(r) = -9*r**3 - r**2 + r + 1. Let y(g) = 4*g**2 + 2*g. Let s be y(-1). Suppose -5*j - p - s - 8 = 0, 2*p = -2*j - 12. Calculate x(j).
8
Let n(a) be the third derivative of a**6/60 + a**5/60 + a**4/12 - a**3/6 + 1197*a**2. Determine n(2).
23
Let o(y) = 3 - 3*y**3 - 1 - 6*y**2 + 5*y + 4*y**3. Let q = -9109 + 9113. Calculate o(q).
-10
Let r(k) = -3*k**3 + 16*k**2 - 10*k + 111. Let g(h) = 14*h**3 - 74*h**2 + 50*h - 560. Let x(y) = -4*g(y) - 19*r(y). Give x(6).
-1
Let g(r) = r**3 + 4*r**2 - 5*r. Suppose -5*u - 3 = -5*n + 52, -4*u - 44 = -3*n. Let l(x) = x**2 + 12*x + 6. Let a be l(u). Give g(a).
0
Suppose -27*f = 6*f + 6*f + 546. Let o(g) = g**2 + 16*g + 7. Give o(f).
-21
Let s(t) be the second derivative of t**3/6 + 2*t**2 + 2*t. Suppose -y - 4*m = -25, -y - 4*y = -m - 20. Suppose o - h = -o - 11, 4*h = -5*o + y. Calculate s(o).
1
Let u(d) = 115*d + 21761 - 44*d**2 + 5*d**2 - 21760. Give u(3).
-5
Suppose -59 = -3*d + 4*h - 76, d - 3*h = 1. Let a(m) = -m**2 + 0*m**2 + 2*m**2 + 11*m. Determine a(d).
0
Let n = 1609 - 1600. Let t(j) = -5*j + 41. Determine t(n).
-4
Let m(b) = b. Suppose j + 3*l = -3*j + 122, 4*j - 106 = 5*l. Suppose -8*x + 11 = -j. Suppose -8*v = -x*v + 3. What is m(v)?
-1
Let i(g) = -g**3 - 5*g**2 - 5*g - 2. Let h(w) = -w**2 - 14*w - 4. Let d(t) = -8*t + 34. Let n = 37 - 31. Let u be d(n). Let p be h(u). Calculate i(p).
2
Let s(k) be the first derivative of k**2 + 4*k - 867. Give s(16).
36
Let f(q) be the first derivative of -q**4/4 + 3*q**3 + 2*q**2 - 6*q - 671. Calculate f(3).
60
Suppose -6*j = j + 7. Let h(m) = m**3 + 5*m**2 + 2*m + 17. Let n be h(-5). Let s(p) = -27 - 29 + 57 + n*p. Calculate s(j).
-6
Let n(r) = -r**2 + 17*r + 17. Let i be n(16). Let d = i + -25. Let b(o) = -11 + 17 + 3*o - d. Give b(3).
7
Let m(o) = -o**3 - 6*o**2 - 6*o. Let r = -5 - -7. Suppose 4*l - 5*v = 17 - 1, 5*l = -r*v + 20. Let y be l*(-2)/(1 - -1). Determine m(y).
-8
Let j(d) = d + 6. Let u = -18 - -16. Let k be (u - 4)/((-12)/(-8)). Let b be j(k). Let r(q) = q**3 - q**2 + 2. Give r(b).
6
Let n(t) = 5*t - 7. Let q be n(-3). Let z = q - -28. Let g(i) = 55*i**2 - 174*i + 173*i + 5 - 61*i**2 + i**3. Determine g(z).
-1
Let c(p) = 8*p**3 - 13*p**2 - 28. Let l(j) = 3*j**3 - 4*j**2 - 10. Suppose -33*t = -46*t - 143. Let h(n) = t*l(n) + 4*c(n). Calculate h(-8).
-2
Let b(p) = p**3 + 3*p**2 + p + 2. Suppose